20*v + 66. Is x(3) a multiple of 50?
True
Let g = -20 - -31. Let o = g + -7. Suppose -h = -o*h + 111. Is 22 a factor of h?
False
Let m(n) = 8*n - 7. Let u be (1 - -7) + -4 + -10. Let r be m(u). Let q = -29 - r. Does 7 divide q?
False
Suppose 17*m - 40614 = 23578. Is m a multiple of 8?
True
Let r(k) = k**3 - 10*k**2 - k + 12. Suppose -a = 3*h - 32, -h + 0*h + 20 = 5*a. Let i be r(h). Suppose 2*j + j - i*l = 148, 56 = j - 4*l. Is j a multiple of 14?
False
Let g(j) = j**2 - j + 10. Let n be g(6). Is 30 a factor of (-1 - (n + -1))*-3?
True
Let r = -22 - -27. Let b(p) = 21*p - 15. Does 14 divide b(r)?
False
Suppose -5 = -2*w + 1, -5*h + 3*w = -6. Suppose 3*u - 154 = 26. Suppose 0 = -h*k - 2*k + u. Does 6 divide k?
True
Let h = -814 + 1422. Is 8 a factor of h?
True
Let p(a) be the second derivative of a**5/20 - a**4/6 + a**3/6 - a**2/2 + 15*a. Suppose 5*y = -7 + 22. Is p(y) a multiple of 11?
True
Let o = 40 - 28. Suppose 11*a - o*a - 68 = 0. Let y = -39 - a. Is y a multiple of 8?
False
Suppose 2*g - 1608 + 9185 = 3*o, 5054 = 2*o - 2*g. Is 29 a factor of o?
True
Let u be (-2)/(((-4)/1)/(-8)). Let n be (3/u)/(6/(-16)). Suppose -2*b = -b - 3*z + 3, 0 = n*z - 4. Does 3 divide b?
True
Let f(h) = h**3 + 13*h + 16*h**2 - 2*h**3 + 27 - 5*h**2. Is f(11) a multiple of 10?
True
Suppose 12 = 3*l, j - 1069 = 2*l + 2745. Is 14 a factor of j?
True
Suppose 0*f - 2*l = -2*f + 470, 5*l = 10. Let g = 474 - f. Does 22 divide g?
False
Let q = -79 + 42. Let v = 98 - 29. Let c = q + v. Does 16 divide c?
True
Suppose -2*i = -2*w + 1712, -17*w + 18*w - 856 = 4*i. Is w a multiple of 14?
False
Suppose -f + 72 = -3*i, -4*f + 7*i = 11*i - 336. Is f a multiple of 9?
True
Suppose 0 = -9*o - 872 + 6677. Is o a multiple of 8?
False
Let m = 140 - 100. Is 1995/m - (-1)/8 a multiple of 10?
True
Suppose -2*a = 5*x - 255 + 39, 2*a = 5*x + 196. Does 19 divide a?
False
Suppose 7 + 1 = 2*l. Suppose l*a + 3*k - 78 = 0, -k - 86 = -4*a - 0*a. Is 4 a factor of a?
False
Let x = -436 + 460. Does 8 divide x?
True
Is 7 a factor of -2*(-6)/12*79?
False
Let n(j) = j**3 + 17*j**2 + 16*j + 9. Let z be n(-16). Let b(r) = 0*r - 9*r + z + r + 3. Is 24 a factor of b(-4)?
False
Let l = -625 - -802. Does 2 divide l?
False
Let w = 58 + 24. Let h(d) = -46*d**2. Let c be h(-1). Let j = w + c. Is 12 a factor of j?
True
Let x(h) = -h**2 - 38*h + 19. Is x(-30) a multiple of 4?
False
Let m(h) be the third derivative of -5/3*h**3 - 1/2*h**4 + 0 - h**2 + 0*h. Is m(-5) a multiple of 17?
False
Let v be (54 - 1)/((-8)/(-8)) + 0. Let r = -18 + v. Is r a multiple of 17?
False
Suppose -2*z = -9*z + 49. Let n = 9 + z. Let u = n + -12. Does 4 divide u?
True
Suppose -114 = p - n, 10 = -6*n + n. Let l = -80 - p. Is 8 a factor of l?
False
Let v = -11 + 14. Suppose -6*f = -3*f + v*t - 57, -f = -t - 23. Let z = f - 13. Is 4 a factor of z?
True
Suppose 0 = -2*w - c + 1092, -3*c = -4*w + 7*w - 1644. Is w a multiple of 32?
True
Suppose -b + 20 = 2*k, 3*b - 2*b = 5*k - 8. Is 31 a factor of (b/(-14))/(2172/(-434) - -5)?
True
Suppose 84*z - 86*z + 534 = 0. Is 17 a factor of z?
False
Suppose -4*j + 7 = -3*i, 2 = -j + i + i. Suppose -4*l = j*g + 24, 30 = -5*l - g + 6*g. Let z(h) = h**3 + 6*h**2 - 3*h - 6. Does 4 divide z(l)?
True
Let i = 74 - 81. Let a = 43 + i. Is a a multiple of 9?
True
Let i(c) = -c**2 + 28*c - 50. Is 31 a factor of i(22)?
False
Suppose -2*x = 2*q - 1904, -30*q - 4730 = -5*x - 25*q. Is x a multiple of 13?
True
Let a be (60/9)/(2/3). Let r = a - -15. Does 7 divide r?
False
Let n be (3 + -1)/((-6)/(-9)). Suppose -4*b + 5*t + 26 = 0, 2*b + t - n*t = 12. Suppose 0 = -b*u - 0*u - i + 99, -2*i - 27 = -u. Does 14 divide u?
False
Let x(b) = b**3 - 20*b**2 - 2*b - 31. Let l(o) = 3*o**3 - 58*o**2 - 6*o - 93. Let j(s) = -6*l(s) + 17*x(s). Is 15 a factor of j(7)?
False
Let w be (-4)/(-7 + 5) - -2. Does 9 divide w/(-8) - (-39)/2?
False
Let f be (-2 - -2)/((-20)/10). Let d be 24/14 - 2/(-7). Suppose f = -d*r + 28 + 22. Is r a multiple of 12?
False
Let h be ((-8)/(-12))/(2/6). Let r = h + 0. Suppose -r*l - u + 47 = l, -5*u = -2*l + 54. Is l a multiple of 17?
True
Let m(p) = p**3 + 5*p**2 - 7*p - 4. Let y be m(-6). Suppose -195 = -5*w + y*w. Is 11 a factor of w?
False
Let k = 6805 - -2391. Is k/110 + (-1)/((-5)/2) a multiple of 21?
True
Suppose 2*f - 27 = 5*l + 46, 2*f - 23 = -5*l. Is 831/12 - (-18)/f a multiple of 14?
True
Let b be 24/8*2/6*5. Suppose -5*h = -10, 2*q - 238 = -0*q - b*h. Does 19 divide q?
True
Let b(z) = z**2 - 25 + 3*z + 66 + 14. Is 5 a factor of b(0)?
True
Let n(s) = -205*s - 1. Let i(l) = -2*l - 15. Let q be i(-7). Let f be n(q). Let v = f + -123. Is v a multiple of 20?
False
Let i = -1554 - -3257. Is i a multiple of 13?
True
Let z(s) = -s**3 + 6*s**2 + 2*s + 7. Suppose -5*b = 2*o - 2, 2*b + 0*b + 4*o = 4. Suppose -5*c + 2*c - 2*y + 25 = b, 4*y = -2*c + 30. Is z(c) a multiple of 21?
True
Let q(g) = g**2 - 28*g + 15. Let f be q(6). Let s = -85 - f. Is 7 a factor of s?
False
Suppose -3*t - 11 - 13 = -5*j, 4*t = -5*j - 32. Let s(p) = -p**3 - 4*p**2 + 19*p + 16. Is s(t) a multiple of 17?
False
Is 49 a factor of (-49)/(3 + (75/(-10) - -4))?
True
Let p be (-2)/1 + 3 + 1. Suppose r + 3*c - 22 = 0, -5*c + p*c + 6 = 0. Does 16 divide r?
True
Is 14/98 + 82/14 - -614 a multiple of 10?
True
Let q(f) = -3*f**3 + 24*f**2 + 26*f + 47. Let t(j) = 2*j**3 - 16*j**2 - 17*j - 31. Let y(i) = 5*q(i) + 7*t(i). Does 27 divide y(9)?
False
Suppose -7*z + 18 = -4*z. Suppose -5 = -z*c + 13. Suppose 4*w - c - 17 = 0. Is 2 a factor of w?
False
Suppose -113 - 512 = -25*m. Is m a multiple of 4?
False
Suppose -31*v - 158 = -1429. Is v a multiple of 2?
False
Let h(m) = 5*m**3 - 1. Let b be h(1). Suppose 12 = 3*a, 2*a - 23 = -v - b*v. Suppose v*j = -4*c + 142, 0*c - c - 5 = 0. Does 27 divide j?
True
Let h = 89 + -86. Suppose -y - 557 = -4*x, 0 = 2*x + y - h*y - 274. Does 35 divide x?
True
Suppose 29 = 9*j - 7. Suppose 9*i - 6*i = -2*n + 22, -j*i - 44 = -4*n. Is n a multiple of 7?
False
Let a = -173 + 183. Is a a multiple of 7?
False
Let u(f) = f**3 + 8*f**2 + 4*f + 6. Let b = -40 + 33. Is 3 a factor of u(b)?
True
Is (900/(-70))/(((-10)/(-168))/(-5)) a multiple of 54?
True
Let q(l) = 3 - 2*l + l + 5 + 2. Does 3 divide q(-11)?
True
Let h(r) = -37*r**2 - 3*r - 1. Let k be h(3). Let j = -171 - k. Does 21 divide j?
False
Suppose 2429 - 12285 = -4*c. Is 32 a factor of c?
True
Let f = 87 - -54. Suppose 2*y = y + f. Let u = 201 - y. Is u a multiple of 30?
True
Let o(g) be the second derivative of g**3/3 - 3*g**2/2 - 10*g. Let t be o(0). Is 4 a factor of 6 + t + 2/2?
True
Suppose 5*v = 597 + 418. Suppose -5*i = 13 - v. Let w = -23 + i. Is 5 a factor of w?
True
Let v(w) be the second derivative of w**6/10 - w**5/120 + w**4/24 - 5*w**3/6 + 5*w. Let s(z) be the second derivative of v(z). Is s(1) a multiple of 18?
True
Suppose 5*j - j = -68. Let n = j - -41. Does 8 divide n?
True
Let s = 36 + 4. Let o = -60 + s. Is 11 a factor of 4/o + 452/10?
False
Let d(y) = y**2 - 25*y + 44. Is d(29) a multiple of 8?
True
Let s = -6 + 35. Let k = s + -23. Is 4 a factor of k?
False
Suppose 2*y = v + 2, 5*y = 4*v + 3*y + 14. Is 812/16 - 1/v a multiple of 17?
True
Suppose -l - 5*x + 1289 = 96, -3*x + 2421 = 2*l. Is l a multiple of 6?
True
Suppose -4*c + 212 = -2*q, -4*c - 4*q - 77 = -313. Is c a multiple of 5?
True
Let s = 51 + -47. Suppose 3*g - 2*g - 4*b - 1 = 0, -4*g = s*b - 64. Is 13 a factor of g?
True
Let r = 128 + -128. Let w be (-298)/4*(0 + -2). Suppose -5*d + 46 + w = r. Does 8 divide d?
False
Suppose 0 = 33*b - 24*b - 1035. Does 46 divide b?
False
Let x be (1/3)/(5/(-2265) - 0). Let g = x + 241. Is 30 a factor of g?
True
Let b(v) = -2*v + 1. Suppose 9*z - 4*z + 30 = 0. Is 8 a factor of b(z)?
False
Suppose -4*w + 12*w = -1000. Let p = -64 - w. Is 14 a factor of p?
False
Is 2/4 + (-48330)/(-108) a multiple of 12?
False
Let p(a) = 3*a**2 + 10*a + 26. Let y be p(-9). Let b = y + -99. Is 4 a factor of b?
True
Suppose -4*a + 286 = -398. Suppose a = -5*l + 936. Suppose -l = -5*d + 27. Does 9 divide d?
True
Let w(c) = -c**3 + c + 1. Let g(f) = -5*f**3 + 4*f**2 - 3*f - 5. Let r(x) = -g(x) - 3*w(x). Let h be r(3). Let v = h - 130. Is 24 a factor of v?
False
Let j be (-32)/(-6) - (-9)/(-27). Suppose -8 = 3*l - j*l. Suppose 0*r - 2*r = 4*g - 98, 0 = -l*r + 4*g + 184. Does 